[INFO] cloning repository https://github.com/kbacha/standup-rs
[INFO] running `Command { std: "git" "-c" "credential.helper=" "-c" "credential.helper=/workspace/cargo-home/bin/git-credential-null" "clone" "--bare" "https://github.com/kbacha/standup-rs" "/workspace/cache/git-repos/https%3A%2F%2Fgithub.com%2Fkbacha%2Fstandup-rs", kill_on_drop: false }`
[INFO] [stderr] Cloning into bare repository '/workspace/cache/git-repos/https%3A%2F%2Fgithub.com%2Fkbacha%2Fstandup-rs'...
[INFO] running `Command { std: "git" "rev-parse" "HEAD", kill_on_drop: false }`
[INFO] [stdout] 42a125b44a9271db2eef263be9d84190459c0201
[INFO] checking kbacha/standup-rs against master#af3c6e733a40e671550e0f0f5aeecaa13772ba56 for pr-74989
[INFO] running `Command { std: "git" "clone" "/workspace/cache/git-repos/https%3A%2F%2Fgithub.com%2Fkbacha%2Fstandup-rs" "/workspace/builds/worker-9/source", kill_on_drop: false }`
[INFO] [stderr] Cloning into '/workspace/builds/worker-9/source'...
[INFO] [stderr] done.
[INFO] validating manifest of git repo https://github.com/kbacha/standup-rs on toolchain af3c6e733a40e671550e0f0f5aeecaa13772ba56
[INFO] running `Command { std: "/workspace/cargo-home/bin/cargo" "+af3c6e733a40e671550e0f0f5aeecaa13772ba56" "read-manifest" "--manifest-path" "Cargo.toml", kill_on_drop: false }`
[INFO] started tweaking git repo https://github.com/kbacha/standup-rs
[INFO] finished tweaking git repo https://github.com/kbacha/standup-rs
[INFO] tweaked toml for git repo https://github.com/kbacha/standup-rs written to /workspace/builds/worker-9/source/Cargo.toml
[INFO] crate git repo https://github.com/kbacha/standup-rs already has a lockfile, it will not be regenerated
[INFO] running `Command { std: "/workspace/cargo-home/bin/cargo" "+af3c6e733a40e671550e0f0f5aeecaa13772ba56" "fetch" "--locked" "--manifest-path" "Cargo.toml", kill_on_drop: false }`
[INFO] [stderr] error: the lock file /workspace/builds/worker-9/source/Cargo.lock needs to be updated but --locked was passed to prevent this
[INFO] [stderr] If you want to try to generate the lock file without accessing the network, use the --offline flag.
[INFO] the lockfile is outdated, regenerating it
[INFO] running `Command { std: "/workspace/cargo-home/bin/cargo" "+af3c6e733a40e671550e0f0f5aeecaa13772ba56" "generate-lockfile" "--manifest-path" "Cargo.toml" "-Zno-index-update", kill_on_drop: false }`
[INFO] running `Command { std: "/workspace/cargo-home/bin/cargo" "+af3c6e733a40e671550e0f0f5aeecaa13772ba56" "fetch" "--locked" "--manifest-path" "Cargo.toml", kill_on_drop: false }`
[INFO] running `Command { std: "docker" "create" "-v" "/var/lib/crater-agent-workspace/builds/worker-9/target:/opt/rustwide/target:rw,Z" "-v" "/var/lib/crater-agent-workspace/builds/worker-9/source:/opt/rustwide/workdir:ro,Z" "-v" "/var/lib/crater-agent-workspace/cargo-home:/opt/rustwide/cargo-home:ro,Z" "-v" "/var/lib/crater-agent-workspace/rustup-home:/opt/rustwide/rustup-home:ro,Z" "-e" "SOURCE_DIR=/opt/rustwide/workdir" "-e" "CARGO_TARGET_DIR=/opt/rustwide/target" "-e" "CARGO_HOME=/opt/rustwide/cargo-home" "-e" "RUSTUP_HOME=/opt/rustwide/rustup-home" "-w" "/opt/rustwide/workdir" "-m" "1610612736" "--user" "0:0" "--network" "none" "rustops/crates-build-env@sha256:d92eaeed33fa75130ca1ee6c8a01d1ffb62bac859dfdfb3450e3e5d1c0146529" "/opt/rustwide/cargo-home/bin/cargo" "+af3c6e733a40e671550e0f0f5aeecaa13772ba56" "metadata" "--no-deps" "--format-version=1", kill_on_drop: false }`
[INFO] [stdout] 7ac9dc0fa556d86e288a1b2e6f6a1ffe1b53dfb217e33bc59a693498808df446
[INFO] [stderr] WARNING: Your kernel does not support swap limit capabilities or the cgroup is not mounted. Memory limited without swap.
[INFO] running `Command { std: "docker" "start" "-a" "7ac9dc0fa556d86e288a1b2e6f6a1ffe1b53dfb217e33bc59a693498808df446", kill_on_drop: false }`
[INFO] running `Command { std: "docker" "inspect" "7ac9dc0fa556d86e288a1b2e6f6a1ffe1b53dfb217e33bc59a693498808df446", kill_on_drop: false }`
[INFO] running `Command { std: "docker" "rm" "-f" "7ac9dc0fa556d86e288a1b2e6f6a1ffe1b53dfb217e33bc59a693498808df446", kill_on_drop: false }`
[INFO] [stdout] 7ac9dc0fa556d86e288a1b2e6f6a1ffe1b53dfb217e33bc59a693498808df446
[INFO] running `Command { std: "docker" "create" "-v" "/var/lib/crater-agent-workspace/builds/worker-9/target:/opt/rustwide/target:rw,Z" "-v" "/var/lib/crater-agent-workspace/builds/worker-9/source:/opt/rustwide/workdir:ro,Z" "-v" "/var/lib/crater-agent-workspace/cargo-home:/opt/rustwide/cargo-home:ro,Z" "-v" "/var/lib/crater-agent-workspace/rustup-home:/opt/rustwide/rustup-home:ro,Z" "-e" "SOURCE_DIR=/opt/rustwide/workdir" "-e" "CARGO_TARGET_DIR=/opt/rustwide/target" "-e" "CARGO_INCREMENTAL=0" "-e" "RUST_BACKTRACE=full" "-e" "RUSTFLAGS=--cap-lints=forbid" "-e" "CARGO_HOME=/opt/rustwide/cargo-home" "-e" "RUSTUP_HOME=/opt/rustwide/rustup-home" "-w" "/opt/rustwide/workdir" "-m" "1610612736" "--user" "0:0" "--network" "none" "rustops/crates-build-env@sha256:d92eaeed33fa75130ca1ee6c8a01d1ffb62bac859dfdfb3450e3e5d1c0146529" "/opt/rustwide/cargo-home/bin/cargo" "+af3c6e733a40e671550e0f0f5aeecaa13772ba56" "check" "--frozen" "--all" "--all-targets" "--message-format=json", kill_on_drop: false }`
[INFO] [stdout] a8ba0c78116e4eef4cf82857bfad5e8def4a00b303b4c1bc676eb98317aa344b
[INFO] [stderr] WARNING: Your kernel does not support swap limit capabilities or the cgroup is not mounted. Memory limited without swap.
[INFO] running `Command { std: "docker" "start" "-a" "a8ba0c78116e4eef4cf82857bfad5e8def4a00b303b4c1bc676eb98317aa344b", kill_on_drop: false }`
[INFO] [stderr]    Compiling libc v0.2.77
[INFO] [stderr]    Compiling bitflags v1.2.1
[INFO] [stderr]     Checking unicode-width v0.1.8
[INFO] [stderr]     Checking strsim v0.8.0
[INFO] [stderr]     Checking ansi_term v0.11.0
[INFO] [stderr]     Checking vec_map v0.8.2
[INFO] [stderr]     Checking serde_json v1.0.57
[INFO] [stderr]     Checking num v0.1.42
[INFO] [stderr]     Checking textwrap v0.11.0
[INFO] [stderr]     Checking atty v0.2.14
[INFO] [stderr]     Checking time v0.1.44
[INFO] [stderr]     Checking clap v2.33.3
[INFO] [stderr]     Checking chrono v0.2.25
[INFO] [stderr]     Checking standup v0.1.0 (/opt/rustwide/workdir)
[INFO] [stdout] error[E0432]: unresolved import `serde_json::builder`
[INFO] [stdout]  --> src/jsonify.rs:3:17
[INFO] [stdout]   |
[INFO] [stdout] 3 | use serde_json::builder::ObjectBuilder;
[INFO] [stdout]   |                 ^^^^^^^ could not find `builder` in `serde_json`
[INFO] [stdout] 
[INFO] [stdout] 
[INFO] [stdout] warning: use of deprecated macro `try`: use the `?` operator instead
[INFO] [stdout]   --> src/standup/standup.rs:23:9
[INFO] [stdout]    |
[INFO] [stdout] 23 |         try!(write!(f, "{}\n", self.date.format("%F - %A")));
[INFO] [stdout]    |         ^^^
[INFO] [stdout]    |
[INFO] [stdout]    = note: `#[warn(deprecated)]` on by default
[INFO] [stdout] 
[INFO] [stdout] 
[INFO] [stdout] warning: use of deprecated macro `try`: use the `?` operator instead
[INFO] [stdout]   --> src/standup/standup.rs:24:9
[INFO] [stdout]    |
[INFO] [stdout] 24 |         try!(write!(f, "  today:\n"));
[INFO] [stdout]    |         ^^^
[INFO] [stdout] 
[INFO] [stdout] 
[INFO] [stdout] warning: use of deprecated macro `try`: use the `?` operator instead
[INFO] [stdout]   --> src/standup/standup.rs:26:13
[INFO] [stdout]    |
[INFO] [stdout] 26 |             try!(write!(f, "    {}. {}\n", i + 1, message));
[INFO] [stdout]    |             ^^^
[INFO] [stdout] 
[INFO] [stdout] 
[INFO] [stdout] warning: use of deprecated macro `try`: use the `?` operator instead
[INFO] [stdout]   --> src/standup/standup.rs:28:9
[INFO] [stdout]    |
[INFO] [stdout] 28 |         try!(write!(f, "  yesterday:\n"));
[INFO] [stdout]    |         ^^^
[INFO] [stdout] 
[INFO] [stdout] 
[INFO] [stdout] warning: use of deprecated macro `try`: use the `?` operator instead
[INFO] [stdout]   --> src/standup/standup.rs:30:13
[INFO] [stdout]    |
[INFO] [stdout] 30 |             try!(write!(f, "    {}. {}\n", i + 1, message));
[INFO] [stdout]    |             ^^^
[INFO] [stdout] 
[INFO] [stdout] 
[INFO] [stdout] warning: use of deprecated macro `try`: use the `?` operator instead
[INFO] [stdout]   --> src/standup/standup.rs:33:13
[INFO] [stdout]    |
[INFO] [stdout] 33 |             try!(write!(f, "  blocker:\n"));
[INFO] [stdout]    |             ^^^
[INFO] [stdout] 
[INFO] [stdout] 
[INFO] [stdout] warning: use of deprecated macro `try`: use the `?` operator instead
[INFO] [stdout]   --> src/standup/standup.rs:35:17
[INFO] [stdout]    |
[INFO] [stdout] 35 |                 try!(write!(f, "    {}. {}\n", i + 1, message));
[INFO] [stdout]    |                 ^^^
[INFO] [stdout] 
[INFO] [stdout] 
[INFO] [stdout] warning: use of deprecated macro `try`: use the `?` operator instead
[INFO] [stdout]   --> src/standup/manager.rs:20:9
[INFO] [stdout]    |
[INFO] [stdout] 20 |         try!(reader.read_to_string(&mut buf).map_err(CliError::Io));
[INFO] [stdout]    |         ^^^
[INFO] [stdout] 
[INFO] [stdout] 
[INFO] [stdout] warning: use of deprecated macro `try`: use the `?` operator instead
[INFO] [stdout]   --> src/app.rs:28:23
[INFO] [stdout]    |
[INFO] [stdout] 28 |         let manager = try!(App::load_manager());
[INFO] [stdout]    |                       ^^^
[INFO] [stdout] 
[INFO] [stdout] 
[INFO] [stdout] warning: use of deprecated macro `try`: use the `?` operator instead
[INFO] [stdout]   --> src/app.rs:29:20
[INFO] [stdout]    |
[INFO] [stdout] 29 |         let date = try!(App::get_date(date));
[INFO] [stdout]    |                    ^^^
[INFO] [stdout] 
[INFO] [stdout] 
[INFO] [stdout] warning: use of deprecated function `std::env::home_dir`: This function's behavior is unexpected and probably not what you want. Consider using a crate from crates.io instead.
[INFO] [stdout]  --> src/app.rs:2:5
[INFO] [stdout]   |
[INFO] [stdout] 2 | use std::env::home_dir;
[INFO] [stdout]   |     ^^^^^^^^^^^^^^^^^^
[INFO] [stdout] 
[INFO] [stdout] 
[INFO] [stdout] warning: use of deprecated function `std::env::home_dir`: This function's behavior is unexpected and probably not what you want. Consider using a crate from crates.io instead.
[INFO] [stdout]   --> src/app.rs:34:15
[INFO] [stdout]    |
[INFO] [stdout] 34 |         match home_dir() {
[INFO] [stdout]    |               ^^^^^^^^
[INFO] [stdout] 
[INFO] [stdout] 
[INFO] [stdout] error[E0432]: unresolved import `serde_json::builder`
[INFO] [stdout]  --> src/jsonify.rs:3:17
[INFO] [stdout]   |
[INFO] [stdout] 3 | use serde_json::builder::ObjectBuilder;
[INFO] [stdout]   |                 ^^^^^^^ could not find `builder` in `serde_json`
[INFO] [stdout] 
[INFO] [stdout] 
[INFO] [stdout] warning: use of deprecated macro `try`: use the `?` operator instead
[INFO] [stdout]   --> src/standup/standup.rs:23:9
[INFO] [stdout]    |
[INFO] [stdout] 23 |         try!(write!(f, "{}\n", self.date.format("%F - %A")));
[INFO] [stdout]    |         ^^^
[INFO] [stdout]    |
[INFO] [stdout]    = note: `#[warn(deprecated)]` on by default
[INFO] [stdout] 
[INFO] [stdout] 
[INFO] [stdout] warning: use of deprecated macro `try`: use the `?` operator instead
[INFO] [stdout]   --> src/standup/standup.rs:24:9
[INFO] [stdout]    |
[INFO] [stdout] 24 |         try!(write!(f, "  today:\n"));
[INFO] [stdout]    |         ^^^
[INFO] [stdout] 
[INFO] [stdout] 
[INFO] [stdout] warning: use of deprecated macro `try`: use the `?` operator instead
[INFO] [stdout]   --> src/standup/standup.rs:26:13
[INFO] [stdout]    |
[INFO] [stdout] 26 |             try!(write!(f, "    {}. {}\n", i + 1, message));
[INFO] [stdout]    |             ^^^
[INFO] [stdout] 
[INFO] [stdout] 
[INFO] [stdout] warning: use of deprecated macro `try`: use the `?` operator instead
[INFO] [stdout]   --> src/standup/standup.rs:28:9
[INFO] [stdout]    |
[INFO] [stdout] 28 |         try!(write!(f, "  yesterday:\n"));
[INFO] [stdout]    |         ^^^
[INFO] [stdout] 
[INFO] [stdout] 
[INFO] [stdout] warning: use of deprecated macro `try`: use the `?` operator instead
[INFO] [stdout]   --> src/standup/standup.rs:30:13
[INFO] [stdout]    |
[INFO] [stdout] 30 |             try!(write!(f, "    {}. {}\n", i + 1, message));
[INFO] [stdout]    |             ^^^
[INFO] [stdout] 
[INFO] [stdout] 
[INFO] [stdout] warning: use of deprecated macro `try`: use the `?` operator instead
[INFO] [stdout]   --> src/standup/standup.rs:33:13
[INFO] [stdout]    |
[INFO] [stdout] 33 |             try!(write!(f, "  blocker:\n"));
[INFO] [stdout]    |             ^^^
[INFO] [stdout] 
[INFO] [stdout] 
[INFO] [stdout] warning: use of deprecated macro `try`: use the `?` operator instead
[INFO] [stdout]   --> src/standup/standup.rs:35:17
[INFO] [stdout]    |
[INFO] [stdout] 35 |                 try!(write!(f, "    {}. {}\n", i + 1, message));
[INFO] [stdout]    |                 ^^^
[INFO] [stdout] 
[INFO] [stdout] 
[INFO] [stdout] warning: use of deprecated macro `try`: use the `?` operator instead
[INFO] [stdout]   --> src/standup/manager.rs:20:9
[INFO] [stdout]    |
[INFO] [stdout] 20 |         try!(reader.read_to_string(&mut buf).map_err(CliError::Io));
[INFO] [stdout]    |         ^^^
[INFO] [stdout] 
[INFO] [stdout] 
[INFO] [stdout] warning: use of deprecated macro `try`: use the `?` operator instead
[INFO] [stdout]   --> src/app.rs:28:23
[INFO] [stdout]    |
[INFO] [stdout] 28 |         let manager = try!(App::load_manager());
[INFO] [stdout]    |                       ^^^
[INFO] [stdout] 
[INFO] [stdout] 
[INFO] [stdout] warning: use of deprecated macro `try`: use the `?` operator instead
[INFO] [stdout]   --> src/app.rs:29:20
[INFO] [stdout]    |
[INFO] [stdout] 29 |         let date = try!(App::get_date(date));
[INFO] [stdout]    |                    ^^^
[INFO] [stdout] 
[INFO] [stdout] 
[INFO] [stdout] warning: unused import: `chrono::*`
[INFO] [stdout]   --> src/jsonify.rs:67:9
[INFO] [stdout]    |
[INFO] [stdout] 67 |     use chrono::*;
[INFO] [stdout]    |         ^^^^^^^^^
[INFO] [stdout]    |
[INFO] [stdout]    = note: `#[warn(unused_imports)]` on by default
[INFO] [stdout] 
[INFO] [stdout] 
[INFO] [stdout] warning: use of deprecated function `std::env::home_dir`: This function's behavior is unexpected and probably not what you want. Consider using a crate from crates.io instead.
[INFO] [stdout]  --> src/app.rs:2:5
[INFO] [stdout]   |
[INFO] [stdout] 2 | use std::env::home_dir;
[INFO] [stdout]   |     ^^^^^^^^^^^^^^^^^^
[INFO] [stdout] 
[INFO] [stdout] 
[INFO] [stdout] warning: use of deprecated function `std::env::home_dir`: This function's behavior is unexpected and probably not what you want. Consider using a crate from crates.io instead.
[INFO] [stdout]   --> src/app.rs:34:15
[INFO] [stdout]    |
[INFO] [stdout] 34 |         match home_dir() {
[INFO] [stdout]    |               ^^^^^^^^
[INFO] [stdout] 
[INFO] [stdout] 
[INFO] [stdout] error[E0599]: no method named `as_string` found for reference `&Value` in the current scope
[INFO] [stdout]   --> src/jsonify.rs:44:36
[INFO] [stdout]    |
[INFO] [stdout] 44 |                 .map(|value| value.as_string())
[INFO] [stdout]    |                                    ^^^^^^^^^ help: there is an associated function with a similar name: `is_string`
[INFO] [stdout] 
[INFO] [stdout] 
[INFO] [stdout] error[E0599]: no method named `as_string` found for reference `&Value` in the current scope
[INFO] [stdout]   --> src/jsonify.rs:44:36
[INFO] [stdout]    |
[INFO] [stdout] 44 |                 .map(|value| value.as_string())
[INFO] [stdout]    |                                    ^^^^^^^^^ help: there is an associated function with a similar name: `is_string`
[INFO] [stdout] 
[INFO] [stdout] 
[INFO] [stdout] error[E0599]: no method named `as_string` found for reference `&Value` in the current scope
[INFO] [stdout]   --> src/jsonify.rs:53:43
[INFO] [stdout]    |
[INFO] [stdout] 53 |         .and_then(|date_value| date_value.as_string())
[INFO] [stdout]    |                                           ^^^^^^^^^ help: there is an associated function with a similar name: `is_string`
[INFO] [stdout] 
[INFO] [stdout] 
[INFO] [stdout] error[E0599]: no method named `as_string` found for reference `&Value` in the current scope
[INFO] [stdout]   --> src/jsonify.rs:53:43
[INFO] [stdout]    |
[INFO] [stdout] 53 |         .and_then(|date_value| date_value.as_string())
[INFO] [stdout]    |                                           ^^^^^^^^^ help: there is an associated function with a similar name: `is_string`
[INFO] [stdout] 
[INFO] [stdout] 
[INFO] [stdout] error: aborting due to 3 previous errors; 12 warnings emitted
[INFO] [stdout] 
[INFO] [stdout] 
[INFO] [stdout] Some errors have detailed explanations: E0432, E0599.
[INFO] [stdout] 
[INFO] [stdout] For more information about an error, try `rustc --explain E0432`.
[INFO] [stdout] 
[INFO] [stdout] error: aborting due to 3 previous errors; 13 warnings emitted
[INFO] [stdout] 
[INFO] [stdout] 
[INFO] [stdout] Some errors have detailed explanations: E0432, E0599.
[INFO] [stdout] 
[INFO] [stdout] For more information about an error, try `rustc --explain E0432`.
[INFO] [stdout] 
[INFO] [stderr] error: could not compile `standup`.
[INFO] [stderr] 
[INFO] [stderr] To learn more, run the command again with --verbose.
[INFO] [stderr] warning: build failed, waiting for other jobs to finish...
[INFO] [stderr] error: build failed
[INFO] running `Command { std: "docker" "inspect" "a8ba0c78116e4eef4cf82857bfad5e8def4a00b303b4c1bc676eb98317aa344b", kill_on_drop: false }`
[INFO] running `Command { std: "docker" "rm" "-f" "a8ba0c78116e4eef4cf82857bfad5e8def4a00b303b4c1bc676eb98317aa344b", kill_on_drop: false }`
[INFO] [stdout] a8ba0c78116e4eef4cf82857bfad5e8def4a00b303b4c1bc676eb98317aa344b
